 + 23*h - 63. Is b(-17) prime?
True
Suppose 0*n = -5*n + 30. Let w(y) = -3 + n + y**2 + 6*y + 7 + 2*y. Is w(-11) composite?
False
Suppose 4*h + 5*u = 2*h - 8, 0 = u + 4. Is (-329)/(h/3*(-2)/4) a prime number?
False
Is ((-2)/(-3))/(1/12459) prime?
False
Let p = -18658 + 27119. Is p a composite number?
False
Let u = -1265 - -1778. Suppose 5*k = 2*k + u. Suppose -k = -2*q - p, 0 = q - 2*p - 2*p - 63. Is q composite?
False
Suppose 0 = -3*f, -3*k + 4*f = 3*f + 18. Let b be 65/39 + 4/k. Is 478 - -2 - b/1 composite?
False
Let i(l) = -l**2 - 12*l - 3. Let k be i(-11). Let z(h) = -h**3 + 9*h**2 + 9*h - 17. Is z(k) a prime number?
False
Suppose i = -5*w + 30334, -4*w - 12137 = -6*w + 3*i. Is w composite?
False
Let o(d) = -1728*d + 12. Let z be o(-7). Suppose -883 = 5*y - z. Is y prime?
False
Let p(s) = -754*s - 3. Let g be p(-13). Suppose -8*m = 679 - g. Suppose f + 679 = 4*f + 2*x, 5*x - m = -5*f. Is f a prime number?
True
Suppose -3*t - 2*n + 7711 = 0, 7703 = 3*t + 13*n - 15*n. Is t prime?
False
Suppose -7*o + 90 = -211. Suppose 23979 = -40*p + o*p. Is p prime?
True
Suppose 510*b + 133735 = 515*b. Is b composite?
True
Suppose d + 3*q = 2*d - 8, 0 = -3*d - 4*q - 28. Is 2/(d/(-378)) - -2 composite?
False
Suppose -11 + 2 = -9*z. Let s(o) = 436*o**3 + o**2. Is s(z) composite?
True
Let g = 168533 - 119694. Is g composite?
True
Suppose -q + 5*g = -26309, g = -4*q - 0*g + 105173. Is q a composite number?
True
Let h(d) = -5*d**3 - 9*d - 8. Let c(q) = 10*q**3 + 19*q + 16. Let n(l) = 3*c(l) + 7*h(l). Is n(-5) prime?
True
Suppose -y + 3*y = 7390. Suppose 6*b = 11*b - y. Is b composite?
False
Let g(r) = r**3 + 29*r**2 + 38*r - 51. Is g(-23) prime?
False
Let j = 923 - 370. Is j composite?
True
Let q(c) = -c**3 + 3*c**2 - 4*c + 7. Let y be q(3). Is 10/(-2)*(-6 + y) composite?
True
Let h be 0*(-3)/(-9)*(-2)/(-2). Suppose h = -z - 4*m + 374, m = -0*z - 4*z + 1571. Is z a prime number?
False
Let o(r) = -r**2 - 13*r - 27. Let u be o(-9). Suppose -7112 = -u*p + p. Is p composite?
True
Is 60/(-33) + 2 + (-357525)/(-165) a prime number?
False
Let b be (-9*4/(-12))/1. Let p be (-8)/4 + 685 - b. Suppose 0 = -5*i + p - 85. Is i composite?
True
Suppose -4*c = 5*n - 48, -3*n = -2*c - 9 - 11. Is 1018/n + 1/(-4) a prime number?
True
Let n be -25*(0 - (-2)/(-5)). Let m(b) = -2*b**2 + 8*b - 6. Let k be m(n). Let h = k + 335. Is h composite?
True
Let k(q) = -4*q. Let t be k(-4). Let j be (-2654 - -5) + (0 - -1). Is 1*-2*j/t composite?
False
Let l = 11570 + 12299. Is l prime?
True
Let c be 9 - 2/(-4)*-2. Suppose -4*d + 3*q + 12 = 0, 0*d = 5*d - 2*q - c. Suppose -2*u + 39 - 1 = d. Is u a composite number?
False
Let i(g) = 187*g**2 - 3*g + 2. Let b be i(1). Suppose q - b = 5*u, u - 210 = -q - 2*u. Is q prime?
False
Suppose 3*l - 18 = 63. Let a(x) = x - 3*x**3 + 5*x - 2*x**2 + l - 27. Is a(-5) a prime number?
False
Suppose 0 = o + 2*o + t + 3, t = 2*o + 7. Is ((-3)/(-9))/(o/(-3786)) a composite number?
False
Let q be -1 + 746 + 1 + 1. Suppose 12*t = 3*t + q. Is t prime?
True
Suppose 11*s - 8*s - 40923 = 0. Is s a prime number?
False
Let y(q) = 24*q**3 + 22*q**2 + 8*q - 17. Is y(15) a prime number?
False
Let u(b) = 6*b**2 - 10*b + 17. Let a(x) = -3*x**2 + 5*x - 8. Let d(q) = -5*a(q) - 2*u(q). Suppose -s - s = 10. Is d(s) composite?
True
Let y(w) = -8*w**3 + 2*w**2 + w. Let p be y(-1). Let v(x) = 4*x**2 - x - 11. Let j be v(p). Suppose 5*u - 2*m = 451, j + 153 = 5*u - 4*m. Is u composite?
False
Let y = -3009 - -5807. Is y a composite number?
True
Let y be (4/5)/(0 - 4/20). Is (-1952)/y - (1 - -2) composite?
True
Suppose 2*p + 4*d = 2*d - 2, -p = 4*d + 13. Let f be ((-16)/40)/(p/(-75)). Let w(r) = 28*r - 21. Is w(f) a prime number?
False
Let v(p) = -296*p**3 + p**2 - p + 1. Is v(-3) a prime number?
False
Suppose -9 = 2*f - 3*x, 3*f = -3*x + 23 + 1. Suppose m + f*m = 836. Is m a composite number?
True
Suppose -3225 = -5*t - 0*t. Let u = 832 - 1172. Let k = t + u. Is k prime?
False
Let x be (-2)/(-1) + 12 + -12. Suppose -m = -3*p - 199, 5*p - x*p = 2*m - 386. Is m prime?
False
Let x(g) be the second derivative of -29*g**3 - 11*g**2/2 + 11*g. Is x(-5) prime?
True
Is ((-44)/33)/(3/(-66699)*4) a prime number?
True
Suppose 0 = 847*z - 848*z + 7993. Is z composite?
False
Let i(r) = -2*r**3 - 4*r**2 - 3*r + 4. Is i(-9) a prime number?
False
Let t = -20 - -14. Let b(u) = -4*u**3 + 2*u**2 + 6*u + 2. Let w be b(t). Suppose z + 105 = w. Is z a prime number?
True
Suppose -75*j + 17063 + 838612 = 0. Is j a composite number?
True
Let k(i) = -301*i + 33. Suppose q - m = 4*m - 1, -2*q - 16 = 4*m. Is k(q) composite?
True
Let u(s) = 67*s**2 - 2*s - 2. Let d be u(-6). Suppose -2*z + d = -0*z. Is z composite?
True
Is (-6)/8*(-12877 + 65) a prime number?
False
Let k(j) = j**2 - 15*j - 125. Is k(-51) prime?
False
Let x = 44770 + -26651. Is x composite?
False
Is (-3)/5 - ((-2147370)/75 - 10) a prime number?
False
Suppose 32 = -6*r - 4. Is 33/(-22)*284/r composite?
False
Let n = 885 - 514. Is n composite?
True
Is (-33446)/(-3)*(-369)/(-246) prime?
False
Let v(g) = -2*g**2 + 5*g + 5. Let z be v(-4). Let h(m) = -m**2 - 18*m - 16. Let u be h(-17). Is (z + u)/((-6)/3) a composite number?
False
Let r(g) be the second derivative of 0*g**2 + 7*g - 79/6*g**3 + 0. Is r(-1) prime?
True
Suppose 7*i + 44009 = 9*i + 5*x, -5*i = 2*x - 110033. Is i a prime number?
False
Suppose -w - 9*r + 6*r + 6764 = 0, -w = -4*r - 6799. Is w a composite number?
False
Let v = -1947 - -7870. Is v a composite number?
False
Suppose -n + 23 = 2*l + 2*l, 5*n = -l + 20. Let m(a) = -10*a - 57. Let s be m(-6). Suppose -n*r - 2*r = -s*h + 69, 0 = 3*r. Is h a composite number?
False
Let p = 1146 + -389. Let i = p + -266. Is i prime?
True
Let s = 5878 + 14033. Is s a composite number?
True
Suppose 2*u + 2*u + 36 = 0. Let a be 4/(-2)*u/6. Suppose -1504 = -6*h + 2*h + 4*z, -a*h = -2*z - 1133. Is h prime?
False
Let q = -3 - -8. Suppose 0 = -t + 2*d + 250 + 270, q*d = 0. Let l = -333 + t. Is l a composite number?
True
Let u = -44 + 45. Is u/3 + 4288/6 + -2 a composite number?
True
Let k = -7 + 9. Let v(a) = -8*a + a + 11 - 2*a + 15*a**k - 4. Is v(7) a composite number?
True
Suppose -4*v = -2*n - 13148, -n - 32818 = 4*n + 3*v. Let x = n - -9385. Is x a composite number?
False
Let q = 1321 + -732. Is q composite?
True
Let i be (111/12)/((-4)/(-16)). Suppose i*l = 31*l + 14838. Is l prime?
True
Let v be ((-28)/(-98))/((-2)/(-14)). Suppose -11645 = -5*b - 4*q, v*q - 99 = -b + 2224. Is b composite?
False
Let x(j) = -j**3 + 13*j**2 - 2*j + 12. Let m be x(12). Is ((60/16)/(-3))/((-3)/m) a composite number?
True
Suppose 0*g = 2*g + 16. Let k(y) = 4*y**2 - 14*y + 5. Let m(l) = -11*l**2 + 41*l - 16. Let z(p) = 17*k(p) + 6*m(p). Is z(g) a composite number?
False
Is (1 - -1)/(86/7027705) a composite number?
True
Suppose -o + 119 = -4*t, 0*t = 5*o + 2*t - 595. Let s = 310 - o. Is s a composite number?
False
Suppose -7*f = -4*f. Suppose 4*a - 3188 = -f*a. Is a composite?
False
Is (-2)/3 + 2 + (-200007)/(-27) composite?
True
Let i = 84 - 48. Suppose -h + 3 = d - 0*d, -4*h + 4*d = -i. Suppose -1172 = -h*z + 2*z. Is z a composite number?
False
Suppose 7*v = 39 - 4. Suppose v*q - 89 = 86. Is q composite?
True
Let z(i) = 3*i**2 - 20*i + 34. Is z(-15) a composite number?
False
Let p = 2 + -2. Let w be 24/(-18)*(1260/(-16))/7. Suppose -w = -v - 2*v, y - 2*v - 195 = p. Is y composite?
True
Let o(a) = a - 3. Let d be o(3). Suppose d = w - 235 - 58. Is w a composite number?
False
Let d(o) = o**3 - 20*o**2 - 5*o - 5. Is d(22) a prime number?
True
Let p = 1309 - 656. Is p prime?
True
Suppose -1 = -4*o + 7. Suppose r = -x + 907, 3*x - o*r = 1303 + 1418. Is x a composite number?
False
Suppose 3 = 5*r - 12. Let p be (-2 - -3)*(-939)/r. Is (-4)/2 - (p - 3) prime?
False
Suppose b = -2, 3*b - 16 = -5*o + b. Suppose -o*u + 3*x = 8*x - 722, -923 = -5*u + 4*x. Let j = -100 + u. Is j a composite number?
False
Let s(n) = 80*n**2 + 13*n - 19. Is s(12) composite?
False
Let i = -70 - -637. Let w = -365 + i. Is w a prime number?
False
Suppose -3*b - 9 = 5*c, -3*b - 4*c = -0*b + 6. Suppose v - 7 = x + 4, 0 = -b*v - 3*x + 22. Let a = 11 + v. Is a prime?
False
Suppose 0 = -11*o + 14*o - 12. Suppose -4*c + 213 + 155 = o*u, 0 = 4*c + 20. Is u a composite number?
False
Let p be (4*9)/4 - 3 - 2. Let 